actors of 243863156?
2, 179, 340591
List the prime factors of 567888310.
2, 5, 11, 47, 109843
List the prime factors of 666205190.
2, 5, 7, 31, 337, 911
What are the prime factors of 327064190?
2, 5, 17, 113171
List the prime factors of 106888038.
2, 3, 23, 774551
List the prime factors of 386030961.
3, 19, 283, 2659
What are the prime factors of 147810928?
2, 97, 95239
List the prime factors of 4047728.
2, 252983
What are the prime factors of 161570797?
127, 1272211
List the prime factors of 2479336401.
3, 71, 11640077
List the prime factors of 190281553.
7, 11, 23, 15349
What are the prime factors of 3748163405?
5, 7, 107090383
What are the prime factors of 3234310908?
2, 3, 89, 383, 7907
List the prime factors of 583020537.
3, 11, 23, 97, 7919
List the prime factors of 418978325.
5, 443, 37831
List the prime factors of 6728254.
2, 13, 258779
What are the prime factors of 45881379?
3, 5097931
List the prime factors of 48870013.
48870013
What are the prime factors of 182079415?
5, 7, 43, 337, 359
What are the prime factors of 3973484500?
2, 5, 7946969
List the prime factors of 40485095.
5, 7, 47, 24611
What are the prime factors of 205419125?
5, 769, 2137
List the prime factors of 5364655326.
2, 3, 99345469
What are the prime factors of 127644685?
5, 7, 41, 88951
What are the prime factors of 60860790?
2, 3, 5, 67, 10093
What are the prime factors of 1855632669?
3, 11, 6553, 8581
What are the prime factors of 2013302115?
3, 5, 11, 1355759
List the prime factors of 1538715029.
1538715029
List the prime factors of 1828290025.
5, 277, 264013
List the prime factors of 121455550.
2, 5, 1493, 1627
What are the prime factors of 46455066?
2, 3, 7, 59, 2083
List the prime factors of 118656888.
2, 3, 7, 706291
List the prime factors of 1241974359.
3, 31, 107, 41603
List the prime factors of 153587647.
153587647
List the prime factors of 976585599.
3, 11, 43, 47, 1627
List the prime factors of 108469877.
17, 6380581
List the prime factors of 59607241.
59607241
List the prime factors of 11391773.
19, 127, 4721
List the prime factors of 266515649.
31, 61, 140939
What are the prime factors of 1502215135?
5, 300443027
What are the prime factors of 878130776?
2, 1087, 100981
What are the prime factors of 400417430?
2, 5, 7, 5720249
What are the prime factors of 200214445?
5, 1277, 31357
What are the prime factors of 7885921003?
7885921003
What are the prime factors of 114457111?
1249, 91639
What are the prime factors of 11189120?
2, 5, 17483
What are the prime factors of 28295026?
2, 1109, 12757
List the prime factors of 233966346.
2, 3, 151, 258241
What are the prime factors of 40970696?
2, 13, 53, 7433
What are the prime factors of 11325672?
2, 3, 17, 19, 487
List the prime factors of 784277296.
2, 11, 4456121
What are the prime factors of 52491990?
2, 3, 5, 31, 56443
List the prime factors of 206118708.
2, 3, 17176559
What are the prime factors of 41958605?
5, 13, 89, 7253
List the prime factors of 5385680645.
5, 251, 509, 8431
What are the prime factors of 1763926039?
1763926039
What are the prime factors of 6059939250?
2, 3, 5, 389, 20771
What are the prime factors of 75858845?
5, 17, 892457
What are the prime factors of 148274911?
148274911
List the prime factors of 10361629.
1831, 5659
What are the prime factors of 1355773315?
5, 13, 971, 21481
What are the prime factors of 1073954953?
53, 20263301
List the prime factors of 359387726.
2, 179693863
List the prime factors of 419249943.
3, 7, 6654761
List the prime factors of 2090221984.
2, 41, 173, 9209
List the prime factors of 352284273.
3, 11, 251, 14177
What are the prime factors of 87325209?
3, 17, 21139
What are the prime factors of 102229200?
2, 3, 5, 73, 389
List the prime factors of 3330431715.
3, 5, 13, 17079137
List the prime factors of 183199314.
2, 3, 30533219
List the prime factors of 842859063.
3, 93651007
List the prime factors of 134425317.
3, 13, 23, 149861
List the prime factors of 55814236.
2, 59, 71, 3331
What are the prime factors of 81260452?
2, 7, 13, 223243
List the prime factors of 18583860.
2, 3, 5, 309731
What are the prime factors of 1028735259?
3, 19, 71, 254197
List the prime factors of 57977935.
5, 11595587
List the prime factors of 495683205.
3, 5, 33045547
List the prime factors of 131674925.
5, 5266997
What are the prime factors of 13817066?
2, 19, 23, 15809
List the prime factors of 137561868.
2, 3, 1273721
What are the prime factors of 5364538?
2, 2682269
What are the prime factors of 32926446?
2, 3, 7, 87107
List the prime factors of 323729692.
2, 11, 13, 23, 2237
List the prime factors of 8467074711.
3, 2473, 380423
List the prime factors of 57848955.
3, 5, 3856597
List the prime factors of 263197146.
2, 3, 5711, 7681
What are the prime factors of 148729529?
13, 37, 61, 137
List the prime factors of 87853909.
11, 13, 17, 71, 509
List the prime factors of 57146762.
2, 29, 277, 3557
List the prime factors of 2935853217.
3, 11, 29655083
What are the prime factors of 1541519682?
2, 3, 107, 613, 3917
List the prime factors of 40257537.
3, 13419179
What are the prime factors of 436330035?
3, 5, 79, 139, 883
List the prime factors of 116859816.
2, 3, 1623053
What are the prime factors of 557108498?
2, 401, 694649
What are the prime factors of 14131205?
5, 11, 256931
What are the prime factors of 401087579?
17, 31, 211, 3607
What are the prime factors of 69430821?
3, 23143607
List the prime factors of 641938234.
2, 7, 23, 37, 53881
List the prime factors of 1766219719.
11, 113, 1420933
What are the prime factors of 102690329?
7, 2095721
List the prime factors of 846972044.
2, 19, 11144369
What are the prime factors of 72089878?
2, 7, 263, 2797
List the prime factors of 835379912.
2, 104422489
What are the prime factors of 13076821?
2297, 5693
What are the prime factors of 6308249242?
2, 19, 61, 2721419
List the prime factors of 16160588.
2, 97, 41651
List the prime factors of 110077838.
2, 13, 31, 136573
What are the prime factors of 2195447458?
2, 1097723729
What are the prime factors of 619228704?
2, 3, 6450299
What are the prime factors of 5221557?
3, 11, 17581
What are the prime factors of 57567912?
2, 3, 911, 2633
List the prime factors of 77056300.
2, 5, 71, 10853
List the prime factors of 5098648.
2, 673, 947
List the prime factors of 1625034968.
2, 37, 5489983
List the prime factors of 188285882.
2, 127, 741283
What are the prime factors of 5825283?
3, 53, 36637
What are the prime factors of 18707569?
53, 352973
What are the prime factors of 214296316?
2, 13, 653, 6311
List the prime factors of 330785616.
2, 3, 7, 984481
What are the prime factors of 242402876?
2, 47, 619, 2083
List the prime factors of 325460202.
2, 3, 54243367
List the prime factors of 691537035.
3, 5, 7, 6586067
List the prime factors of 401236498.
2, 13, 15432173
What are the prime factors of 149871684?
2, 3, 43, 127, 2287
List the prime factors of 81458804.
2, 7, 2909243
What are the prime factors of 99802201?
79, 1263319
List the prime factors of 11284037.
11284037
What are the prime factors of 140010586?
2, 70005293
List the prime factors of 483953853.
3, 251, 642701
What are the prime factors of 46765365?
3, 5, 19, 164089
What are the prime factors of 1329959?
47, 28297
List the prime factors of 56816004.
2, 3, 7, 19, 97, 367
List the prime factors of 939273366.
2, 3, 156545561
List the prime factors of 6078482.
2, 179, 16979
List the prime factors of 92753979.
3, 79, 391367
List the prime factors of 49143096.
2, 3, 593, 1151
What are the prime factors of 4192441560?
2, 3, 5, 11645671
What are the prime factors of 2863669003?
13, 29, 584303
What are the prime factors of 59270717?
11, 5388247
What are the prime factors of 1675684755?
3, 5, 5843, 6373
List the prime factors of 158053970.
2, 5, 19, 831863
List the prime factors of 49107693.
3, 16369231
What are the prime factors of 30280554?
2, 3, 186917
List the prime factors of 331556545.
5, 41, 1617349
What are the prime factors of 430401329?
683, 630163
List the prime factors of 78415917.
3, 17, 233, 6599
What are the prime factors of 156931894?
2, 7, 61, 183761
What are the prime factors of 467200964?
2, 116800241
List the prime factors of 51820019.
97, 191, 2797
What are the prime factors of 7156258772?
2, 13, 7687, 17903
List the p